{"id":2692,"date":"2025-07-31T12:51:14","date_gmt":"2025-07-31T03:51:14","guid":{"rendered":"https:\/\/01.chouichiryuu.com\/?product=%e3%82%aa%e3%83%bc%e3%83%a9%e3%83%80%e3%83%b3%e3%82%b9-%e3%82%aa%e3%83%bc%e3%83%97%e3%83%b3%e3%82%a4%e3%83%a4%e3%83%bc-ows2-ola06cc-5%e5%88%86%e5%85%85%e9%9b%bb%e3%81%a7%e6%9c%80%e5%a4%a72%e6%99%82"},"modified":"2025-08-04T08:59:52","modified_gmt":"2025-08-03T23:59:52","slug":"%e3%82%aa%e3%83%bc%e3%83%a9%e3%83%80%e3%83%b3%e3%82%b9-%e3%82%aa%e3%83%bc%e3%83%97%e3%83%b3%e3%82%a4%e3%83%a4%e3%83%bc-ows2-ola06cc-5%e5%88%86%e5%85%85%e9%9b%bb%e3%81%a7%e6%9c%80%e5%a4%a72%e6%99%82","status":"publish","type":"product","link":"https:\/\/01.chouichiryuu.com\/?product=%e3%82%aa%e3%83%bc%e3%83%a9%e3%83%80%e3%83%b3%e3%82%b9-%e3%82%aa%e3%83%bc%e3%83%97%e3%83%b3%e3%82%a4%e3%83%a4%e3%83%bc-ows2-ola06cc-5%e5%88%86%e5%85%85%e9%9b%bb%e3%81%a7%e6%9c%80%e5%a4%a72%e6%99%82","title":{"rendered":"\u30aa\u30fc\u30e9\u30c0\u30f3\u30b9 \u30aa\u30fc\u30d7\u30f3\u30a4\u30e4\u30fc OWS2 OLA06CC  5\u5206\u5145\u96fb\u3067\u6700\u59272\u6642\u9593,\u300e\u306a\u304c\u3089\u8074\u304d\u300f\u306e\u65b0\u5b9a\u756a,\u9ad8\u901f\u5145\u96fb, \u9ad8\u97f3\u8cea16.5mm\u30c0\u30a4\u30ca\u30df\u30c3\u30af\u30c9\u30e9\u30a4\u30d0\u30fc \u97f3\u6f0f\u308c\u9632\u6b62\u8a2d\u8a08 \u904b\u52d5 \u6563\u6b69\u3084\u5b50\u80b2\u3066 \u5b89\u5fc3\u3057\u3066\u4f7f\u3048\u308b #61475 \u5b9f\u7528\u7684 \u6bcd\u306e\u65e5 \u7236\u306e\u65e5 \u30d7\u30ec\u30bc\u30f3\u30c8 \u30c6\u30ec\u30fc\u30ef\u30fc\u30af \u5728\u5b85\u52e4\u52d9"},"content":{"rendered":"<p><b>\u30aa\u30fc\u30e9\u30c0\u30f3\u30b9 \u30aa\u30fc\u30d7\u30f3\u30a4\u30e4\u30fc \u30a6\u30a7\u30a2\u30e9\u30d6\u30eb\u30b9\u30c6\u30ec\u30aa\u30a4\u30e4\u30db\u30f3 OWS2 OLA06CC \u30b1\u30fc\u30b9\u4ed8\u304d<\/b><\/p>\n<p>\u5f93\u6765\u306e\u30a4\u30e4\u30db\u30f3\u3068\u3082\u9aa8\u4f1d\u5c0e\u3068\u3082\u9055\u3046\u9769\u65b0\u7684\u30aa\u30fc\u30d7\u30f3\u30a4\u30e4\u30fc\u30b9\u30c6\u30ec\u30aa\u3002\u8033\u3092\u585e\u304c\u305a\u3001\u8efd\u304f\u304b\u3051\u308b\u3060\u3051\u306e\u958b\u653e\u7684\u306a\u30aa\u30fc\u30d7\u30f3\u30a4\u30e4\u30fc\u3002\u8033\u306e\u7a74\u304c\u75db\u304f\u306a\u3089\u305a\u3001\u9aa8\u4f1d\u5c0e\u306e\u3088\u3046\u306a\u3053\u3081\u304b\u307f\u306e\u7de0\u3081\u4ed8\u3051\u3082\u3042\u308a\u307e\u305b\u3093\u3002\u7247\u507412.7g\u3068\u5927\u5909\u8efd\u91cf\u3067\u3001\u808c\u306b\u89e6\u308c\u308b\u90e8\u5206\u306b\u306f\u30b7\u30ea\u30b3\u30f3\u6a39\u8102\u3092\u63a1\u7528\u3059\u308b\u306a\u3069\u3001\u5feb\u9069\u3055\u3092\u8ffd\u6c42\u3057\u3066\u3044\u307e\u3059\u3002<\/p>\n<p><\/p>\n<p>\u30aa\u30fc\u30d7\u30f3\u30a4\u30e4\u30fc\u306b\u3082\u95a2\u308f\u3089\u305a\u3001\u9a5a\u304f\u307b\u3069\u30af\u30ea\u30a2\u3067\u6df1\u307f\u306e\u3042\u308b\u97f3\u8cea\u3092\u5b9f\u73fe\u3059\u308b16.5mm\u30c0\u30a4\u30ca\u30df\u30c3\u30af\u30c9\u30e9\u30a4\u30d0\u30fc\u3092\u642d\u8f09\u3002\u97f3\u306e\u6307\u5411\u6027\u3092\u9ad8\u3081\u308b\u3053\u3068\u306b\u3088\u308a\u97f3\u6f0f\u308c\u3092\u6700\u5c0f\u9650\u306b\u6291\u3048\u307e\u3059\u3002<\/p>\n<p><\/p>\n<p><b>\u5546\u54c1\u306e\u7279\u5fb4<\/b><\/p>\n<p>\n\u30fb\u30aa\u30fc\u30d7\u30f3\u30a4\u30e4\u30fc\u30a4\u30e4\u30db\u30f3\u8a2d\u8a08<br \/>\n\u30fb\u958b\u653e\u7684\u306a\u88c5\u7740\u611f\u8efd\u91cf\u3067\u5b89\u5b9a<br \/>\n\u30fb360\u00b0\u306e\u97f3\u97ff\u4f53\u9a13\u3067\u9ad8\u97f3\u8cea\u901a\u8a71\u30ce\u30a4\u30ba\u4f4e\u6e1b<br \/>\n\u30fb\u97f3\u6f0f\u308c\u3092\u6700\u5927\u9650\u6291\u3048\u308b\u72ec\u81ea\u8a2d\u8a08<br \/>\n\u30fb\u30b9\u30c8\u30ec\u30b9\u30d5\u30ea\u30fc\u306aBluetooth\u30de\u30eb\u30c1\u30dd\u30a4\u30f3\u30c8\u63a5\u7d9a<br \/>\n\u30fb\u74b0\u5883\u97f3\u3092\u306a\u304c\u3089\u8074\u304d<br \/>\n\u30fb\u30a4\u30e4\u30db\u30f3\u96e3\u8074\u30ea\u30b9\u30af\u4f4e\u6e1b<br \/>\n\u30fb\u6700\u592719\u6642\u9593\u306e\u9577\u6642\u9593\u518d\u751f&#038;\u8d85\u9ad8\u901f\u5145\u96fb\n<\/p>\n<p><\/p>\n<p><b>\u30aa\u30fc\u30d7\u30f3\u30a4\u30e4\u30fc\u30a4\u30e4\u30db\u30f3\u8a2d\u8a08<\/b><\/p>\n<p>Oladance \u5b8c\u5168\u30ef\u30a4\u30e4\u30ec\u30b9\u30a4\u30e4\u30db\u30f3\u306f\u30aa\u30fc\u30d7\u30f3\u30a4\u30e4\u30fc\u578b\u30c7\u30b6\u30a4\u30f3\u3067\u3001\u8033\u306b\u512a\u3057\u304f\u3057\u3063\u304b\u308a\u3068\u30d5\u30a3\u30c3\u30c8\u3057\u307e\u3059\u30022022\u5e74\u3001\u4e16\u754c\u7684\u306b\u6a29\u5a01\u306e\u3042\u308b\u30c9\u30a4\u30c4\u306e\u30c7\u30b6\u30a4\u30f3\u8cde\u300c\u30ec\u30c3\u30c9\u30fb\u30c9\u30c3\u30c8\u30fb\u30c7\u30b6\u30a4\u30f3\u8cde\u300d\u3092\u53d7\u8cde\u3002Bluetooth\u30a4\u30f3\u30a4\u30e4\u30fc\u578b\u3084\u9aa8\u4f1d\u5c0e\u30a4\u30e4\u30db\u30f3\u3068\u6bd4\u8f03\u3057\u3066\u3001\u4ed8\u3051\u5fc3\u5730\u826f\u3044\u958b\u653e\u611f\u3068\u81ea\u7136\u304b\u3064\u5927\u8feb\u529b\u306e\u30b5\u30a6\u30f3\u30c9\u3092\u3054\u582a\u80fd\u3044\u305f\u3060\u3051\u308b\u8033\u3092\u585e\u304c\u306a\u3044\u30ef\u30a4\u30e4\u30ec\u30b9\u30a4\u30e4\u30db\u30f3\u3067\u3059\u3002<\/p>\n<p><\/p>\n<p><b>360\u00b0\u306e\u97f3\u97ff\u4f53\u9a13 \u9ad8\u97f3\u8cea<\/b><\/p>\n<p>\u666e\u901a\u306e\u30ef\u30a4\u30e4\u30ec\u30b9\u30a4\u30e4\u30db\u30f3\u306e3\u500d\u306e\u5927\u304d\u3055\u306e16.5mm\u8907\u5408\u30d0\u30a4\u30aa\u30c0\u30a4\u30ca\u30df\u30c3\u30af\u30c9\u30e9\u30a4\u30d0\u30fc\u3092\u63a1\u7528\u3002\u632f\u52d5\u819c\u306f\u3088\u308a\u67d4\u3089\u304b\u304f\u3001\u3088\u308a\u632f\u5e45\u3082\u5927\u304d\u304f\u3001\u81ea\u7136\u306b\u8fd1\u3044\u97f3\u3092\u5b9f\u73fe\u3002Oladance\u30aa\u30fc\u30d7\u30f3\u578bBluetooth\u30a4\u30e4\u30db\u30f3\u306f\u3001\u307e\u308b\u3067\u30b3\u30f3\u30b5\u30fc\u30c8\u4f1a\u5834\u3067\u8074\u3044\u3066\u3044\u308b\u3088\u3046\u306a\u30c9\u8feb\u529b\u306e\u91cd\u4f4e\u97f3\u304c\u697d\u3057\u3081\u307e\u3059\u3002\u300c\u30c0\u30a4\u30ca\u30df\u30c3\u30afEQ\u30a2\u30eb\u30b4\u30ea\u30ba\u30e0\u300d\u304c\u3001\u88c5\u7740\u30b7\u30fc\u30f3\u306b\u3088\u3063\u3066\u5931\u308f\u308c\u308b\u5468\u6ce2\u6570\u5e2f\u57df\u3092\u81ea\u52d5\u7684\u306b\u88dc\u3044\u3001\u539f\u97f3\u3092\u8c4a\u304b\u306b\u518d\u73fe\u3057\u307e\u3059\u3002<\/p>\n<p><\/p>\n<p><b>\u97f3\u6f0f\u308c\u3092\u6700\u5927\u9650\u6291\u3048\u308b\u72ec\u81ea\u8a2d\u8a08<\/b><\/p>\n<p>Oladance\u30aa\u30fc\u30d7\u30f3\u30a4\u30e4\u30fc\u30a4\u30e4\u30db\u30f3\u306e\u30b5\u30a6\u30f3\u30c9\u306e\u6839\u5e95\u306b\u3042\u308b\u306e\u306f\u3001\u9006\u4f4d\u76f8\u306e\u97f3\u6ce2\u3067\u97f3\u3092\u6253\u3061\u6d88\u3059\u6280\u8853\u306b\u3088\u308a\u97f3\u6f0f\u308c\u3092\u9632\u304e\u3001\u30d7\u30e9\u30a4\u30d0\u30b7\u30fc\u3092\u5b88\u308a\u307e\u3059\u3002\u8033\u306e\u9f13\u819c\u306b\u5411\u304b\u3063\u3066\u97f3\u3092\u76f4\u63a5\u5c4a\u3051\u308b\u3053\u3068\u3067\u3001\u97f3\u6f0f\u308c\u3092\u6700\u5927\u9650\u6291\u3048\u308b\u3053\u3068\u306b\u6210\u529f\u3057\u307e\u3057\u305f\u3002\u9759\u304b\u306a\u56f3\u66f8\u9928\u3067\u3082\u9a12\u304c\u3057\u3044\u30ab\u30d5\u30a7\u3067\u3082\u3001\u5468\u56f2\u306e\u76ee\u3092\u6c17\u306b\u3059\u308b\u3053\u3068\u306a\u304f\u3001\u597d\u304d\u306a\u97f3\u697d\u3092\u697d\u3057\u307f\u306a\u304c\u3089\u81ea\u5206\u306e\u4e16\u754c\u306b\u6ca1\u982d\u3067\u304d\u307e\u3059\u3002<\/p>\n<p><\/p>\n<p><b>\u30b9\u30c8\u30ec\u30b9\u30d5\u30ea\u30fc\u306a\u30de\u30eb\u30c1\u30dd\u30a4\u30f3\u30c8\u63a5\u7d9a<\/b><\/p>\n<p>Bluetooth 5.3\u306b\u3088\u308a\u3001\u3055\u3089\u306b\u30b9\u30e0\u30fc\u30ba\u306a\u63a5\u7d9a\u3084\u30de\u30eb\u30c1\u30dd\u30a4\u30f3\u30c8\u63a5\u7d9a\u3092\u5b9f\u73fe\u30022\u53f0\u306e\u7aef\u672b\u306b\u540c\u6642\u63a5\u7d9a\u3044\u305f\u3060\u3051\u307e\u3059\u3002\u30b9\u30de\u30db\u3001\u30bf\u30d6\u30ec\u30c3\u30c8\u3001PC\u3001\u30e9\u30c3\u30d7\u30c8\u30c3\u30d7\u306a\u3069\u3067\u3001Bluetooth\u63a5\u7d9a\u3092\u90fd\u5ea6\u5207\u308a\u66ff\u3048\u308b\u5fc5\u8981\u304c\u306a\u304f\u3001\u30b9\u30de\u30db\u3067\u97f3\u697d\u518d\u751f\u3001\u30d1\u30bd\u30b3\u30f3\u3067\u30aa\u30f3\u30e9\u30a4\u30f3\u4f1a\u8b70\u306a\u3069\u30012\u53f0\u306e\u7aef\u672b\u306b\u540c\u6642\u63a5\u7d9a\u3044\u305f\u3060\u3051\u307e\u3059\u3002\u904b\u52d5\u3001\u65c5\u884c\u3001\u30c6\u30ec\u30fc\u30ef\u30fc\u30af\u3084\u5728\u5b85\u52e4\u52d9\u3001Oladance\u5b8c\u5168\u30ef\u30a4\u30e4\u30ec\u30b9\u30a4\u30e4\u30db\u30f3\u306f\u3057\u3063\u304b\u308a\u30b5\u30dd\u30fc\u30c8\u3044\u305f\u3057\u307e\u3059\u3002<\/p>\n<p><\/p>\n<p><b>19\u6642\u9593\u8d85\u518d\u751f&#038;\u8d85\u9ad8\u901f\u5145\u96fb<\/b><\/p>\n<p>160mAh\u306e\u30d0\u30c3\u30c6\u30ea\u30fc\u5185\u8535\u306e\u307b\u304b\u3001\u753b\u671f\u7684\u306a\u300cEnergy Lock\u300d\u6280\u8853\u3067\u6d88\u8cbb\u96fb\u529b\u3092\u6291\u3048\u300119\u6642\u9593\u9577\u6642\u9593\u9023\u7d9a\u518d\u751f\u3092\u5b9f\u73fe\u3002\u5145\u96fb\u30b1\u30fc\u30b9\u3092\u7d44\u307f\u5408\u308f\u305b\u3066\u4f7f\u7528\u3059\u308b\u3053\u3068\u3067\u6700\u592795\u6642\u9593\u9023\u7d9a\u518d\u751f\u304c\u53ef\u80fd\u3067\u3059\u3002\u305f\u3063\u305f5\u5206\u306e\u5145\u96fb\u3067\u6700\u59272\u6642\u9593\u9023\u7d9a\u518d\u751f\u306e\u6025\u901f\u5145\u96fb\u3082\u5bfe\u5fdc\u3067\u304d\u307e\u3059\u3002<\/p>\n<p><\/p>\n<p><b>\u4ed5\u69d8<\/b><\/p>\n<p>\n\u30fb\u30b5\u30a4\u30ba: \u30a4\u30e4\u30db\u30f3 (L\u00d7W\u00d7H): 58mm\u00d740mm\u00d720mm<br \/>\n\u30fb\u30ad\u30e3\u30ea\u30fc\u30b1\u30fc\u30b9: 130mm\u00d748mm\u00d726.5mm<br \/>\n\u30fb\u91cd\u3055: \u30a4\u30e4\u30db\u30f3 (\u7247\u5074): 12.7g<br \/>\n\u30fb\u30ad\u30e3\u30ea\u30fc\u30b1\u30fc\u30b9: 60g<br \/>\n\u30fb\u30c9\u30e9\u30a4\u30d0\u30fc: 16.5mm<br \/>\n\u30fbBluetooth\u30d0\u30fc\u30b8\u30e7\u30f3: 5.3<br \/>\n\u30fb\u7a3c\u50cd\u6642\u9593: \u30a4\u30e4\u30db\u30f3: 1.5\u6642\u9593\u304b\u30892\u6642\u9593\u306e\u5145\u96fb\u306719\u6642\u9593\u518d\u751f\u53ef\u80fd<br \/>\n\u30fb\u30d0\u30c3\u30c6\u30ea\u30fc\u5bb9\u91cf: \u30a4\u30e4\u30db\u30f3: 160mAh<br \/>\n\u30fb\u5145\u96fb\u7aef\u5b50: Type-C<br \/>\n\u30fb\u6750\u8cea: \u672c\u4f53: \u30c1\u30bf\u30f3\u5408\u91d1\u30e1\u30e2\u30ea\u30fc\u30ef\u30a4\u30e4\u30fc<br \/>\n\u30fb\u8033\u639b\u3051\u90e8\u5206: \u533b\u7642\u30b0\u30ec\u30fc\u30c9\u306e\u6db2\u72b6\u30b7\u30ea\u30b3\u30f3\u30b4\u30e0<br \/>\n\u30fb\u9632\u6c34: IPX4<br \/>\n\u30fbAPP\u5bfe\u5fdc: iOS &#038; Android<br \/>\n\u30fbBluetooth\u30de\u30eb\u30c1\u30dd\u30a4\u30f3\u30c8\u63a5\u7d9a: 2\u53f0\u307e\u3067\u53ef\u80fd\n<\/p>\n<p><\/p>\n<p><b>\u30aa\u30fc\u30e9\u30c0\u30f3\u30b9 OWS2 \u30aa\u30fc\u30d7\u30f3\u30a4\u30e4\u30fc\u578b\u30a4\u30e4\u30db\u30f3 \u9ad8\u97f3\u8cea \u4eca\u3059\u3050\u624b\u306b\u5165\u308c\u3066\u3001\u97f3\u697d\u306e\u65b0\u3057\u3044\u4f53\u9a13\u3092\uff01<\/b><\/p>\n<p>\u30aa\u30fc\u30e9\u30c0\u30f3\u30b9\u306e\u30aa\u30fc\u30d7\u30f3\u30a4\u30e4\u30fc\u30a4\u30e4\u30db\u30f3OWS2\u3067\u3001\u3053\u308c\u307e\u3067\u306b\u306a\u3044\u8efd\u91cf\u3067\u5feb\u9069\u306a\u81ea\u7531\u306a\u97f3\u697d\u4f53\u9a13\u3092\u304a\u697d\u3057\u307f\u304f\u3060\u3055\u3044\u3002<\/p>\n<p><\/p>\n<p><b>\u304a\u3059\u3059\u3081\u30dd\u30a4\u30f3\u30c8<\/b><\/p>\n<p>\u30fb\u8efd\u91cf\uff06\u5feb\u9069\u306a\u88c5\u7740\u611f\u3067\u3001\u9577\u6642\u9593\u4f7f\u7528\u3057\u3066\u3082\u8033\u304c\u75db\u304f\u306a\u308a\u306b\u304f\u3044<br \/>\n\u30fb\u30aa\u30fc\u30d7\u30f3\u30a4\u30e4\u30fc\u8a2d\u8a08\u306b\u3088\u308a\u3001\u5468\u56f2\u306e\u97f3\u3082\u53d6\u308a\u8fbc\u307f\u306a\u304c\u3089\u81ea\u7136\u306a\u97f3\u697d\u4f53\u9a13\u3092\u697d\u3057\u3081\u308b<br \/>\n\u30fbBluetooth 5.3\u306b\u3088\u308b\u5b89\u5b9a\u3057\u305f\u63a5\u7d9a\u3068\u30012\u53f0\u540c\u6642\u63a5\u7d9a\u3067\u304d\u308b\u30de\u30eb\u30c1\u30dd\u30a4\u30f3\u30c8\u6a5f\u80fd\u3067\u5229\u4fbf\u6027\u629c\u7fa4<br \/>\n\u30fb16.5mm\u30c9\u30e9\u30a4\u30d0\u30fc\u63a1\u7528\u3067\u3001\u30af\u30ea\u30a2\u304b\u3064\u8feb\u529b\u3042\u308b\u9ad8\u97f3\u8cea\u30b5\u30a6\u30f3\u30c9\u3092\u5b9f\u73fe<br \/>\n\u30fb\u6025\u901f\u5145\u96fb\u5bfe\u5fdc\uff1a\u305f\u3063\u305f5\u5206\u306e\u5145\u96fb\u3067\u6700\u59272\u6642\u9593\u4f7f\u7528\u53ef\u80fd<br \/>\n\u30fb\u30c6\u30ec\u30ef\u30fc\u30af\u3084\u30aa\u30f3\u30e9\u30a4\u30f3\u4f1a\u8b70\u306b\u3082\u9069\u3057\u305f\u81ea\u7136\u306a\u805e\u304d\u5fc3\u5730\u3068\u901a\u8a71\u54c1\u8cea<\/p>\n<p><\/p>\n","protected":false},"excerpt":{"rendered":"<p>\u30aa\u30fc\u30e9\u30c0\u30f3\u30b9 OWS2 \u30aa\u30fc\u30d7\u30f3\u30a4\u30e4\u30fc\u578b\u30a4\u30e4\u30db\u30f3 \u9ad8\u97f3\u8cea \u4eca\u3059\u3050\u624b\u306b\u5165\u308c\u3066\u3001\u97f3\u697d\u306e\u65b0\u3057\u3044\u4f53\u9a13\u3092\uff01<br \/>\n\u30aa\u30fc\u30e9\u30c0\u30f3\u30b9\u306e\u30aa\u30fc\u30d7\u30f3\u30a4\u30e4\u30fc\u30a4\u30e4\u30db\u30f3OWS2\u3067\u3001\u3053\u308c\u307e\u3067\u306b\u306a\u3044\u8efd\u91cf\u3067\u5feb\u9069\u306a\u81ea\u7531\u306a\u97f3\u697d\u4f53\u9a13\u3092\u304a\u697d\u3057\u307f\u304f\u3060\u3055\u3044\u3002<\/p>\n<p>\u304a\u3059\u3059\u3081\u30dd\u30a4\u30f3\u30c8<\/p>\n<p>\u8efd\u91cf\uff06\u5feb\u9069\u306a\u88c5\u7740\u611f\u3067\u3001\u9577\u6642\u9593\u4f7f\u7528\u3057\u3066\u3082\u8033\u304c\u75db\u304f\u306a\u308a\u306b\u304f\u3044<br \/>\n\u30aa\u30fc\u30d7\u30f3\u30a4\u30e4\u30fc\u8a2d\u8a08\u306b\u3088\u308a\u3001\u5468\u56f2\u306e\u97f3\u3082\u53d6\u308a\u8fbc\u307f\u306a\u304c\u3089\u81ea\u7136\u306a\u97f3\u697d\u4f53\u9a13\u3092\u697d\u3057\u3081\u308b<br \/>\nBluetooth 5.3\u306b\u3088\u308b\u5b89\u5b9a\u3057\u305f\u63a5\u7d9a\u3068\u30012\u53f0\u540c\u6642\u63a5\u7d9a\u3067\u304d\u308b\u30de\u30eb\u30c1\u30dd\u30a4\u30f3\u30c8\u6a5f\u80fd\u3067\u5229\u4fbf\u6027\u629c\u7fa4<br \/>\n16.5mm\u30c9\u30e9\u30a4\u30d0\u30fc\u63a1\u7528\u3067\u3001\u30af\u30ea\u30a2\u304b\u3064\u8feb\u529b\u3042\u308b\u9ad8\u97f3\u8cea\u30b5\u30a6\u30f3\u30c9\u3092\u5b9f\u73fe<br \/>\n\u6025\u901f\u5145\u96fb\u5bfe\u5fdc\uff1a\u305f\u3063\u305f5\u5206\u306e\u5145\u96fb\u3067\u6700\u59272\u6642\u9593\u4f7f\u7528\u53ef\u80fd<br \/>\n\u30c6\u30ec\u30ef\u30fc\u30af\u3084\u30aa\u30f3\u30e9\u30a4\u30f3\u4f1a\u8b70\u306b\u3082\u9069\u3057\u305f\u81ea\u7136\u306a\u805e\u304d\u5fc3\u5730\u3068\u901a\u8a71\u54c1\u8cea <\/p>\n","protected":false},"featured_media":2691,"comment_status":"open","ping_status":"closed","template":"","meta":[],"product_brand":[],"product_cat":[15],"product_tag":[],"class_list":{"0":"post-2692","1":"product","2":"type-product","3":"status-publish","4":"has-post-thumbnail","6":"product_cat-uncategorized","8":"first","9":"instock","10":"sale","11":"taxable","12":"shipping-taxable","13":"purchasable","14":"product-type-simple"},"jetpack_sharing_enabled":true,"_links":{"self":[{"href":"https:\/\/01.chouichiryuu.com\/index.php?rest_route=\/wp\/v2\/product\/2692","targetHints":{"allow":["GET"]}}],"collection":[{"href":"https:\/\/01.chouichiryuu.com\/index.php?rest_route=\/wp\/v2\/product"}],"about":[{"href":"https:\/\/01.chouichiryuu.com\/index.php?rest_route=\/wp\/v2\/types\/product"}],"replies":[{"embeddable":true,"href":"https:\/\/01.chouichiryuu.com\/index.php?rest_route=%2Fwp%2Fv2%2Fcomments&post=2692"}],"wp:featuredmedia":[{"embeddable":true,"href":"https:\/\/01.chouichiryuu.com\/index.php?rest_route=\/wp\/v2\/media\/2691"}],"wp:attachment":[{"href":"https:\/\/01.chouichiryuu.com\/index.php?rest_route=%2Fwp%2Fv2%2Fmedia&parent=2692"}],"wp:term":[{"taxonomy":"product_brand","embeddable":true,"href":"https:\/\/01.chouichiryuu.com\/index.php?rest_route=%2Fwp%2Fv2%2Fproduct_brand&post=2692"},{"taxonomy":"product_cat","embeddable":true,"href":"https:\/\/01.chouichiryuu.com\/index.php?rest_route=%2Fwp%2Fv2%2Fproduct_cat&post=2692"},{"taxonomy":"product_tag","embeddable":true,"href":"https:\/\/01.chouichiryuu.com\/index.php?rest_route=%2Fwp%2Fv2%2Fproduct_tag&post=2692"}],"curies":[{"name":"wp","href":"https:\/\/api.w.org\/{rel}","templated":true}]}}